[INFO] fetching crate clipboard-win 4.0.2...
[INFO] checking clipboard-win-4.0.2 against master#af3c6e733a40e671550e0f0f5aeecaa13772ba56 for pr-74989
[INFO] extracting crate clipboard-win 4.0.2 into /workspace/builds/worker-7/source
[INFO] validating manifest of crates.io crate clipboard-win 4.0.2 on toolchain af3c6e733a40e671550e0f0f5aeecaa13772ba56
[INFO] running `Command { std: "/workspace/cargo-home/bin/cargo" "+af3c6e733a40e671550e0f0f5aeecaa13772ba56" "read-manifest" "--manifest-path" "Cargo.toml", kill_on_drop: false }`
[INFO] started tweaking crates.io crate clipboard-win 4.0.2
[INFO] finished tweaking crates.io crate clipboard-win 4.0.2
[INFO] tweaked toml for crates.io crate clipboard-win 4.0.2 written to /workspace/builds/worker-7/source/Cargo.toml
[INFO] running `Command { std: "/workspace/cargo-home/bin/cargo" "+af3c6e733a40e671550e0f0f5aeecaa13772ba56" "generate-lockfile" "--manifest-path" "Cargo.toml" "-Zno-index-update", kill_on_drop: false }`
[INFO] [stderr]     Blocking waiting for file lock on package cache
[INFO] running `Command { std: "/workspace/cargo-home/bin/cargo" "+af3c6e733a40e671550e0f0f5aeecaa13772ba56" "fetch" "--locked" "--manifest-path" "Cargo.toml", kill_on_drop: false }`
[INFO] running `Command { std: "docker" "create" "-v" "/var/lib/crater-agent-workspace/builds/worker-7/target:/opt/rustwide/target:rw,Z" "-v" "/var/lib/crater-agent-workspace/builds/worker-7/source:/opt/rustwide/workdir:ro,Z" "-v" "/var/lib/crater-agent-workspace/cargo-home:/opt/rustwide/cargo-home:ro,Z" "-v" "/var/lib/crater-agent-workspace/rustup-home:/opt/rustwide/rustup-home:ro,Z" "-e" "SOURCE_DIR=/opt/rustwide/workdir" "-e" "CARGO_TARGET_DIR=/opt/rustwide/target" "-e" "CARGO_HOME=/opt/rustwide/cargo-home" "-e" "RUSTUP_HOME=/opt/rustwide/rustup-home" "-w" "/opt/rustwide/workdir" "-m" "1610612736" "--user" "0:0" "--network" "none" "rustops/crates-build-env@sha256:d92eaeed33fa75130ca1ee6c8a01d1ffb62bac859dfdfb3450e3e5d1c0146529" "/opt/rustwide/cargo-home/bin/cargo" "+af3c6e733a40e671550e0f0f5aeecaa13772ba56" "metadata" "--no-deps" "--format-version=1", kill_on_drop: false }`
[INFO] [stdout] 0f4727935c0ed5747f1e8b851bf40ef90413f391a2ea3e0a6eb4a504f37cbf66
[INFO] [stderr] WARNING: Your kernel does not support swap limit capabilities or the cgroup is not mounted. Memory limited without swap.
[INFO] running `Command { std: "docker" "start" "-a" "0f4727935c0ed5747f1e8b851bf40ef90413f391a2ea3e0a6eb4a504f37cbf66", kill_on_drop: false }`
[INFO] running `Command { std: "docker" "inspect" "0f4727935c0ed5747f1e8b851bf40ef90413f391a2ea3e0a6eb4a504f37cbf66", kill_on_drop: false }`
[INFO] running `Command { std: "docker" "rm" "-f" "0f4727935c0ed5747f1e8b851bf40ef90413f391a2ea3e0a6eb4a504f37cbf66", kill_on_drop: false }`
[INFO] [stdout] 0f4727935c0ed5747f1e8b851bf40ef90413f391a2ea3e0a6eb4a504f37cbf66
[INFO] running `Command { std: "docker" "create" "-v" "/var/lib/crater-agent-workspace/builds/worker-7/target:/opt/rustwide/target:rw,Z" "-v" "/var/lib/crater-agent-workspace/builds/worker-7/source:/opt/rustwide/workdir:ro,Z" "-v" "/var/lib/crater-agent-workspace/cargo-home:/opt/rustwide/cargo-home:ro,Z" "-v" "/var/lib/crater-agent-workspace/rustup-home:/opt/rustwide/rustup-home:ro,Z" "-e" "SOURCE_DIR=/opt/rustwide/workdir" "-e" "CARGO_TARGET_DIR=/opt/rustwide/target" "-e" "CARGO_INCREMENTAL=0" "-e" "RUST_BACKTRACE=full" "-e" "RUSTFLAGS=--cap-lints=forbid" "-e" "CARGO_HOME=/opt/rustwide/cargo-home" "-e" "RUSTUP_HOME=/opt/rustwide/rustup-home" "-w" "/opt/rustwide/workdir" "-m" "1610612736" "--user" "0:0" "--network" "none" "rustops/crates-build-env@sha256:d92eaeed33fa75130ca1ee6c8a01d1ffb62bac859dfdfb3450e3e5d1c0146529" "/opt/rustwide/cargo-home/bin/cargo" "+af3c6e733a40e671550e0f0f5aeecaa13772ba56" "check" "--frozen" "--all" "--all-targets" "--message-format=json", kill_on_drop: false }`
[INFO] [stdout] 9adbf602d19dd47c63b86926689ba85b6bb25688513df76994b71d12a8611f47
[INFO] [stderr] WARNING: Your kernel does not support swap limit capabilities or the cgroup is not mounted. Memory limited without swap.
[INFO] running `Command { std: "docker" "start" "-a" "9adbf602d19dd47c63b86926689ba85b6bb25688513df76994b71d12a8611f47", kill_on_drop: false }`
[INFO] [stderr]     Checking str-buf v1.0.2
[INFO] [stderr]     Checking error-code v2.0.1
[INFO] [stderr]     Checking clipboard-win v4.0.2 (/opt/rustwide/workdir)
[INFO] [stdout] error[E0432]: unresolved import `clipboard_win::raw`
[INFO] [stdout]  --> tests/formats.rs:1:20
[INFO] [stdout]   |
[INFO] [stdout] 1 | use clipboard_win::raw::{register_format, format_name, format_name_big};
[INFO] [stdout]   |                    ^^^ could not find `raw` in `clipboard_win`
[INFO] [stdout] 
[INFO] [stdout] 
[INFO] [stdout] error: aborting due to previous error
[INFO] [stdout] 
[INFO] [stdout] 
[INFO] [stdout] For more information about this error, try `rustc --explain E0432`.
[INFO] [stdout] 
[INFO] [stderr] error: could not compile `clipboard-win`.
[INFO] [stdout] error[E0432]: unresolved imports `clipboard_win::Getter`, `clipboard_win::Setter`, `clipboard_win::Clipboard`, `clipboard_win::is_format_avail`
[INFO] [stdout]  --> tests/test_clip.rs:1:21
[INFO] [stdout]   |
[INFO] [stdout] 1 | use clipboard_win::{Getter, Setter, Clipboard, is_format_avail};
[INFO] [stdout]   |                     ^^^^^^  ^^^^^^  ^^^^^^^^^  ^^^^^^^^^^^^^^^ no `is_format_avail` in the root
[INFO] [stdout]   |                     |       |       |
[INFO] [stdout]   |                     |       |       no `Clipboard` in the root
[INFO] [stdout]   |                     |       no `Setter` in the root
[INFO] [stdout]   |                     no `Getter` in the root
[INFO] [stdout] 
[INFO] [stdout] 
[INFO] [stderr] 
[INFO] [stderr] To learn more, run the command again with --verbose.
[INFO] [stderr] warning: build failed, waiting for other jobs to finish...
[INFO] [stdout] error[E0432]: unresolved import `clipboard_win::formats`
[INFO] [stdout]  --> tests/test_clip.rs:2:20
[INFO] [stdout]   |
[INFO] [stdout] 2 | use clipboard_win::formats::{RawData, Unicode, Bitmap, CF_TEXT, CF_UNICODETEXT, CF_BITMAP};
[INFO] [stdout]   |                    ^^^^^^^ could not find `formats` in `clipboard_win`
[INFO] [stdout] 
[INFO] [stdout] 
[INFO] [stdout] error[E0433]: failed to resolve: use of undeclared type or module `winapi`
[INFO] [stdout]   --> tests/test_clip.rs:76:30
[INFO] [stdout]    |
[INFO] [stdout] 76 |     fn GetConsoleWindow() -> winapi::shared::windef::HWND;
[INFO] [stdout]    |                              ^^^^^^ use of undeclared type or module `winapi`
[INFO] [stdout] 
[INFO] [stdout] 
[INFO] [stdout] error[E0425]: cannot find function `get_owner` in crate `clipboard_win`
[INFO] [stdout]   --> tests/test_clip.rs:81:32
[INFO] [stdout]    |
[INFO] [stdout] 81 |         assert!(clipboard_win::get_owner().is_none());
[INFO] [stdout]    |                                ^^^^^^^^^ not found in `clipboard_win`
[INFO] [stdout] 
[INFO] [stdout] 
[INFO] [stdout] error[E0425]: cannot find function `get_owner` in crate `clipboard_win`
[INFO] [stdout]   --> tests/test_clip.rs:83:32
[INFO] [stdout]    |
[INFO] [stdout] 83 |         assert!(clipboard_win::get_owner().is_none());
[INFO] [stdout]    |                                ^^^^^^^^^ not found in `clipboard_win`
[INFO] [stdout] 
[INFO] [stdout] 
[INFO] [stdout] error[E0425]: cannot find function `empty` in crate `clipboard_win`
[INFO] [stdout]   --> tests/test_clip.rs:89:32
[INFO] [stdout]    |
[INFO] [stdout] 89 |         let _ = clipboard_win::empty(); //empty is necessary to finalize association
[INFO] [stdout]    |                                ^^^^^ not found in `clipboard_win`
[INFO] [stdout]    |
[INFO] [stdout] help: consider importing one of these items
[INFO] [stdout]    |
[INFO] [stdout] 1  | use core::iter::empty;
[INFO] [stdout]    |
[INFO] [stdout] 1  | use std::io::empty;
[INFO] [stdout]    |
[INFO] [stdout] 1  | use std::iter::empty;
[INFO] [stdout]    |
[INFO] [stdout] 
[INFO] [stdout] 
[INFO] [stdout] error[E0425]: cannot find function `get_owner` in crate `clipboard_win`
[INFO] [stdout]   --> tests/test_clip.rs:90:35
[INFO] [stdout]    |
[INFO] [stdout] 90 |         assert_eq!(clipboard_win::get_owner().expect("to have owner").as_ptr() as usize, console as usize);
[INFO] [stdout]    |                                   ^^^^^^^^^ not found in `clipboard_win`
[INFO] [stdout] 
[INFO] [stdout] 
[INFO] [stdout] error: aborting due to 7 previous errors
[INFO] [stdout] 
[INFO] [stdout] 
[INFO] [stdout] Some errors have detailed explanations: E0425, E0432, E0433.
[INFO] [stdout] 
[INFO] [stdout] For more information about an error, try `rustc --explain E0425`.
[INFO] [stdout] 
[INFO] [stderr] error: build failed
[INFO] running `Command { std: "docker" "inspect" "9adbf602d19dd47c63b86926689ba85b6bb25688513df76994b71d12a8611f47", kill_on_drop: false }`
[INFO] running `Command { std: "docker" "rm" "-f" "9adbf602d19dd47c63b86926689ba85b6bb25688513df76994b71d12a8611f47", kill_on_drop: false }`
[INFO] [stdout] 9adbf602d19dd47c63b86926689ba85b6bb25688513df76994b71d12a8611f47
